ighest common divisor of 45591 and 1053?
39
What is the highest common factor of 822966 and 228?
114
Calculate the greatest common factor of 5588 and 21844.
508
Calculate the greatest common factor of 8109 and 104781.
159
Calculate the greatest common factor of 23240 and 1.
1
Calculate the highest common divisor of 1264871 and 219.
73
Calculate the greatest common divisor of 20329 and 232.
29
What is the highest common divisor of 8 and 151632?
8
What is the highest common divisor of 870 and 555495?
435
What is the greatest common factor of 3304 and 343?
7
What is the highest common factor of 1952 and 14579?
61
Calculate the highest common factor of 1053 and 286.
13
What is the highest common divisor of 55861 and 13?
13
What is the highest common factor of 300715 and 878?
439
Calculate the greatest common factor of 830 and 84494.
166
Calculate the greatest common factor of 9425 and 2210.
65
Calculate the highest common divisor of 131255 and 5.
5
Calculate the greatest common factor of 2900 and 368.
4
Calculate the greatest common factor of 278597 and 627.
209
What is the greatest common divisor of 115236 and 1782?
594
Calculate the greatest common divisor of 13 and 244361.
13
What is the highest common factor of 1620 and 80595?
405
Calculate the greatest common factor of 235687 and 422.
211
What is the greatest common divisor of 301561 and 65?
13
What is the greatest common factor of 14700 and 1600?
100
Calculate the highest common divisor of 1360 and 4046.
34
What is the greatest common divisor of 24219 and 23322?
897
What is the highest common divisor of 720 and 111960?
360
What is the greatest common divisor of 4043 and 947306?
311
What is the highest common divisor of 16 and 13782688?
16
Calculate the highest common divisor of 1118 and 303537.
559
What is the greatest common factor of 38 and 337801?
19
Calculate the greatest common divisor of 1190 and 406.
14
Calculate the greatest common factor of 57611 and 5353.
53
What is the highest common divisor of 3386733 and 147?
147
Calculate the greatest common factor of 830 and 1675355.
415
Calculate the highest common factor of 2103345 and 21285.
1935
Calculate the highest common divisor of 40365 and 81.
27
What is the greatest common factor of 28 and 2653?
7
Calculate the highest common divisor of 891 and 627.
33
Calculate the greatest common factor of 1296 and 768.
48
What is the greatest common divisor of 9680 and 1520?
80
Calculate the highest common divisor of 465547 and 71.
71
Calculate the highest common factor of 64 and 652264.
8
Calculate the highest common factor of 43826 and 170.
34
What is the highest common factor of 864 and 181008?
432
What is the highest common factor of 2805384 and 82?
82
Calculate the highest common factor of 480 and 785.
5
What is the highest common divisor of 93259 and 537?
179
Calculate the highest common divisor of 29773 and 38.
19
Calculate the highest common factor of 1925 and 3787.
7
Calculate the greatest common divisor of 572 and 1793.
11
Calculate the highest common divisor of 54670 and 3850.
770
What is the highest common divisor of 49 and 122598?
49
Calculate the greatest common factor of 257208 and 1.
1
Calculate the highest common divisor of 6380 and 616.
44
What is the highest common factor of 193920 and 768?
384
Calculate the greatest common divisor of 9682 and 11948.
206
Calculate the highest common factor of 1394 and 6732.
34
Calculate the highest common factor of 21039 and 735.
3
What is the highest common factor of 8 and 64424?
8
What is the greatest common divisor of 264 and 77704?
88
What is the highest common factor of 35962 and 1?
1
What is the highest common factor of 12376 and 52360?
952
Calculate the greatest common divisor of 638 and 79634.
58
What is the greatest common factor of 624 and 30784?
208
Calculate the highest common factor of 15424 and 19762.
482
What is the greatest common divisor of 11468 and 6100?
244
What is the highest common factor of 18486 and 1738?
158
Calculate the highest common divisor of 84696 and 24.
24
What is the greatest common factor of 10676 and 42076?
628
Calculate the highest common divisor of 2 and 58694.
2
What is the greatest common divisor of 313768 and 4186?
182
What is the highest common divisor of 952 and 12416?
8
What is the greatest common divisor of 544 and 462587?
17
What is the greatest common factor of 1591154 and 1010?
202
Calculate the greatest common divisor of 229185 and 1620.
45
What is the highest common factor of 33586 and 406?
14
What is the greatest common divisor of 140602 and 21?
7
What is the greatest common divisor of 1500 and 78?
6
What is the highest common factor of 896 and 33376?
224
What is the highest common divisor of 8917 and 481?
37
What is the greatest common divisor of 1195504 and 16?
16
Calculate the greatest common factor of 12064 and 4901.
377
What is the greatest common divisor of 120835 and 52?
13
What is the greatest common factor of 43377 and 1767?
57
What is the greatest common divisor of 24192 and 111132?
756
What is the highest common factor of 36465 and 493?
17
What is the greatest common divisor of 3023375 and 1083?
361
Calculate the greatest common divisor of 71910 and 85.
85
What is the highest common factor of 8134130 and 197?
197
What is the greatest common factor of 52584 and 2436?
84
Calculate the greatest common factor of 4900 and 15484.
196
Calculate the highest common divisor of 132 and 455334.
66
What is the highest common factor of 1049390 and 505?
505
What is the greatest common divisor of 12284 and 1147?
37
Calculate the highest common divisor of 1336296 and 78.
78
What is the greatest common factor of 417 and 89377?
139
What is the greatest common factor of 16600 and 12700?
100
What is the greatest common divisor of 808049 and 11?
11
What is the highest common factor of 55712 and 1120?
32
What is the highest common divisor of 624695 and 515?
515
What is the greatest common factor of 527 and 145731?
31
Calculate the highest common divisor of 32209 and 248.
31
Calculate the greatest common factor of 2703 and 102.
51
Calculate the highest common factor of 18334 and 412.
206
Calculate the greatest common factor of 261 and 215847.
261
Calculate the greatest common factor of 2766 and 44717.
461
Calculate the highest common factor of 32465 and 516.
43
What is the highest common divisor of 1296 and 10404?
36
What is the greatest common factor of 4445037 and 162?
81
What is the highest common divisor of 35099 and 18?
1
Calculate the greatest common factor of 142392 and 2.
2
What is the highest common divisor of 112461 and 57?
57
Calculate the highest common divisor of 54 and 14688.
54
What is the greatest common divisor of 85925 and 5950?
175
What is the greatest common divisor of 60271 and 17?
1
What is the highest common factor of 920 and 2320?
40
Calculate the greatest common factor of 2204 and 29.
29
What is the highest common factor of 3210 and 166740?
30
Calculate the highest common factor of 230 and 113459.
23
What is the greatest common divisor of 1370 and 970?
10
Calculate the highest common factor of 6049 and 6312.
263
What is the greatest common divisor of 11098 and 186?
62
What is the greatest common divisor of 50 and 1045430?
10
Calculate the greatest common divisor of 160489 and 45955.
707
What is the greatest common divisor of 4557 and 308651?
49
What is the highest common divisor of 73255 and 21413?
1127
Calculate the highest common factor of 137460 and 40685.
395
What is the greatest common factor of 29161 and 484?
121
What is the highest common factor of 8349 and 37191?
759
Calculate the highest common divisor of 489520 and 20.
20
What is the highest common divisor of 121 and 12238061?
121
Calculate the greatest common factor of 240647 and 2839.
167
What is the greatest common divisor of 7751 and 38081?
337
What is the greatest common divisor of 1035905 and 325?
65
Calculate the greatest common divisor of 251400 and 60.
60
Calculate the highest common factor of 1902 and 7938.
6
What is the highest common divisor of 210614 and 86?
86
What is the highest common divisor of 15924 and 3252?
12
Calculate the highest common divisor of 1827 and 42833.
203
What is the highest common factor of 1606280 and 520?
520
What is the greatest co